What is (4 - 1) + 3 - (6 + -5)?
5
-7 - (-17 - -2 - -3)
5
Calculate 12 + 2 + -8 + -4.
2
What is the value of ((-6 - -7) + 6 - 1) + -7?
-1
What is the value of -4 - (3 + -14 + 2)?
5
(-1 - -2) + (1 - 4)
-2
Evaluate -2 + -4 + -4 + 5.
-5
-4 - (-4 + (-2 - (-9 - -4)))
-3
Calculate -5 + 1 + 1 + (5 - -3).
5
4 - (4 + 5 - 1)
-4
What is -2 + 5 - (-9 + 5)?
7
(3 - (3 - -10)) + (-8 - -13)
-5
1 + -2 + (-2 - -1) - 1
-3
1 - (-8 + 3 - (1 - 2))
5
What is 3 + (-1 - (-1 - 1))?
4
What is (-1 - 0) + -12 + 15?
2
Calculate -1 - -2 - (-4 - 17 - -13).
9
Evaluate (1 - (6 + -6)) + -5.
-4
What is 7 + (0 + -9 - (7 - 13))?
4
What is the value of 1 - 3 - (-60 - -65)?
-7
What is the value of -5 + (3 - (-15 + -3 + 8))?
8
What is the value of (12 + -7 - 5) + -10?
-10
(-1 - -2 - -3) + 0 + -6
-2
Evaluate -1 + -1 - (-17 - -13 - -5).
-3
What is 17 + -15 + -1 + (-1 - -1)?
1
Calculate (-4 - 2 - -1) + 10.
5
1 + (-6 - -4) - 5
-6
1 - -11 - 0 - 7
5
Evaluate 1 - (3 - (10 + -4)).
4
What is the value of 6 + 2 + (-1 - (-4 - -3))?
8
Evaluate -7 - (-6 + 5 + -2).
-4
0 - -4 - (18 - 12) - 0
-2
3 + 8 + 1 + -7
5
(-3 - (0 + 2)) + (-4 - -7)
-2
Calculate (-5 - -7) + -6 + -4 - -5.
-3
What is 0 - ((-6 - -6) + 4) - -1?
-3
What is the value of -1 + 10 + 50 + -60?
-1
What is the value of -2 - (-1 - 2) - (-3 - -1)?
3
What is the value of -8 - (3 + -6 + -2 + 5)?
-8
What is 6 + 4 - (3 + 13)?
-6
Evaluate 13 - 12 - (0 + 2 - 5).
4
Calculate -8 + (-8 - -8) + 4.
-4
-2 + (7 + -4 - 0) + -6
-5
Calculate -4 + -1 - (-14 - (-2 + -1)).
6
(-44 - -46) + (1 + 2 - 1)
4
What is 3 + -21 + 8 - -15?
5
What is 5 + (-5 + 1 - 0) + -6?
-5
What is 2 - 0 - (37 - 37)?
2
Evaluate -4 + -1 + 2 + 8.
5
Calculate -1 + 2 + 5 + -3.
3
Evaluate 6 + -4 - (-3 - -3 - -1).
1
-5 - (-4 - -4 - -1 - 5)
-1
Calculate (6 + -8 - -7) + -1.
4
What is the value of -2 + 3 - -9 - (-52 + 57)?
5
Calculate 5 - ((4 - -4) + -5 - 4).
6
(4 - 5) + (-2 - -2) + 2
1
What is -6 + -5 + (5 - (3 - 3))?
-6
Calculate 3 + (-3 - (6 + -3 - 0)).
-3
What is the value of 22 + -20 - (-2 - -10)?
-6
-3 + (-1 + -3 - -6) + 0
-1
Evaluate 2 - 12 - (-8 + 1) - -5.
2
Calculate 2 + 2 + (0 - 7) - 1.
-4
What is (11 - (5 - -1)) + -4?
1
Evaluate (-4 - 6) + -3 + 6 + -1.
-8
Calculate -2 - (-9 + 8 + -3).
2
Evaluate (9 - 6) + 7 + -1 + -4.
5
What is the value of (-1 - -10) + 2 + -10 + 4?
5
Evaluate -1 + (4 - -3) - (22 - 13).
-3
Evaluate (3 - 1) + (3 - 1).
4
What is -11 - (-14 - -8) - -10?
5
3 - ((1 - (6 - 4)) + -3)
7
Evaluate 1 - (2 + 0) - (13 - 9).
-5
Calculate -4 + (-2 + 6 + 1 - -4).
5
Calculate (6 + -1 - 9) + 5.
1
Calculate -4 - 4 - -5 - (-3 + -4).
4
What is 1 + -6 - (3 + -9 + 5)?
-4
Calculate (14 - 7 - (15 + -1)) + 3.
-4
Evaluate 1 + -3 - (-10 - -6).
2
What is 2 + (4 - 7) + 0 + 4?
3
25 - 26 - (1 + 3 + -8)
3
Evaluate -9 - (-14 - -1 - -7).
-3
(12 + -23 - -20) + -3
6
Evaluate (-1 + 1 - 3) + 2 + 1.
0
What is the value of 1 - 0 - 0 - 4?
-3
2 + 3 + -9 + -6
-10
Evaluate -10 + (-10 + 14 - -12).
6
What is (12 - 1) + (7 - (19 + -9))?
8
What is the value of -2 - ((-8 - -3) + 9)?
-6
Evaluate -5 - (0 + (1 - 1)).
-5
What is the value of 5 + -2 - (2 + 5 - 2)?
-2
Calculate 142 + -142 - (0 - 5 - -2).
3
Evaluate 3 + (13 - 12 - 4).
0
What is the value of -3 + 1 + (-2 - -3) - 0?
-1
Calculate (2 - 1) + (0 - 0) - 1.
0
What is -5 + (-1 - -1) - -4?
-1
What is the value of -4 - 3 - -2 - (-14 - -3)?
6
What is the value of -73 - -82 - (0 + 6)?
3
What is the value of 0 - -1 - (6 - 14 - -13)?
-4
0 + -4 + 1 + 7
4
Evaluate (-1 - -5) + -13 - -7.
-2
What is the value of 0 + 7 - (4 - 0) - 0?
3
Evaluate -3 - (-2 - (6 + -2)).
3
Calculate 1 - (5 - (1 - -6)).
3
What is -12 - (-10 + 17 + -12)?
-7
Evaluate -7 - (4 + -9 + -3 + -7).
8
What is the value of 6 + (-4 - 0) + -1 + 1?
2
What is the value of 3 + -6 - -1 - -5?
3
What is (-1 - -1 - 6) + 5?
-1
(-4 - -1) + 3 + (-1 - 2)
-3
Evaluate 217 - 215 - (1 + (-1 - -5)).
-3
What is the value of -2 + (5 - ((-2 - 0) + 4))?
1
What is the value of 8 + -7 + (15 - 8)?
8
Evaluate 2 + (7 - (2 + 4)).
3
What is the value of 6 + (-10 - (-10 - -5) - -4)?
5
(3 - 5) + 2 + -7
-7
Calculate -2 - ((1 - (1 + -1)) + -3).
0
What is the value of 5 + -1 + (5 - 5) + -4?
0
What is the value of 3 - (4 - 4 - (-3 + 2))?
2
Calculate 1 + (5 - 3) - 5.
-2
-6 - -3 - (4 + 0 + -2)
-5
Evaluate (-6 + 4 - (5 - 4)) + 5.
2
Calculate 34 + -37 + 6 + 1.
4
Calculate (0 - (-5 - (-12 + 5))) + 8.
6
Evaluate -8 + -2 + 8 - -8.
6
What is the value of 3 + 3 - (0 + 1 + 1)?
4
Calculate -10 + 7 + 1 + (-2 - -8).
4
Calculate 18 - ((-14 - -6) + 18).
8
What is (-7 + 3 - 0) + -2 + 1?
-5
What is (5 - 5) + 7 + -2?
5
Evaluate -3 + (-12 - -5) + 6.
-4
What is (5 - (3 - -3)) + 10 + 0?
9
Evaluate -18 + 17 - (2 - -1).
-4
Evaluate (2 - -1) + (-39 - -41).
5
Evaluate -1 - 12 - (-6 - 1).
-6
What is the value of -69 + 56 - (2 - 10)?
-5
What is -3 + (1 - -1) + 6 - 0?
5
What is the value of 9 - (10 + -3 - -11)?
-9
Calculate 1 + 3 - (9 + -10).
5
Evaluate -7 + 5 - (4 - (4 + -2)).
-4
What is the value of 2 + -4 + 2 + -2 + -3?
-5
Evaluate -3 + 3 + (-4 - -3).
-1
What is (2 + 2 - (-8 - -13)) + 4?
3
Evaluate 1 - (-1 + 3 + -1).
0
Calculate 3 + 4 + -4 + -3.
0
Calculate 1 + -2 - 4 - (16 - 30).
9
What is the value of 4 + -5 - 6 - -10?
3
Evaluate 1 + 2 + (13 - 19).
-3
What is 8 + -9 - (-2 - -3)?
-2
What is the value of 2 - (-4 + (-3 - (2 + -7)))?
4
Calculate 251 + -245 - (0 - -7).
-1
-5 - (-37 + 18 + (1 - -4))
9
What is -2 - (-1 - (-4 - 3))?
-8
12 + -10 + 0 + -4
-2
What is the value of 11 - (4 + (-9 - -19))?
-3
What is the value of 6 - (3 + (4 - 0))?
-1
Evaluate -2 + (7 + -2 - (-2 + 8)).
-3
Evaluate -7 - (8 + (-7 - 12)).
4
What is (-15 - (15 + -30)) + -2?
-2
(6 - 3) + 2 + -5 - -4
4
Calculate 4 - (0 - (-6 - (-5 - -2))).
1
What is -5 + 0 - (12 - 16 - 0)?
-1
(-3 - -6) + -6 + -2 + 0
-5
What is the value of -8 - (8 + -9) - (-3 - -1)?
-5
-6 + 7 + -3 + (-4 - 0)
-6
What is 3 - (1 + (4 - 9) + 8)?
-1
Evaluate -5 + 24 - (-3 - -12).
10
Evaluate -8 + 3 - (-6 + -1 + 5).
-3
Evaluate 5 + -9 + 8 + (-2 - -3).
5
(-9 - 0) + -9 + 18
0
Calculate (5 - (7 + (-3 - 0))) + 6.
7
0 + -9 + 6 + 2
-1
Evaluate (-6 - -1) + 5 + 4.
4
What is the value of -9 - 3 - (-7 + 0)?
-5
What is the value of -7 - (0 + 16 + -8 - 8)?
-7
Calculate 4 - 1 - 2 - 7 - -3.
-3
What is -66 - -54 - (-7 + 1)?
-6
Evaluate 0 + (-1 - (-5 - -3 - -2)).
-1
(-4 - 4) + 1 + -1 + 1
-7
8 + (-8 - 0) + 8
8
What is -4 - (-2 - 3) - (1 + 1)?
-1
What is 5 + (3 - (3 + (-5 - -7)))?
3
What is the value of -17 - -3 - (0 + -8)?
-6
-5 + 4 + 0 + 2
1
Calculate 63 + -57 + 2 + -12.
-4
What is -5 - (6 + -4 + -7 - 6)?
6
10 + -1 + (1 - 9 - -5)
6
What is 18 + (2 - 12) - 4?
4
1 - (-2 + 0 + 4 - 3)
2
Calculate -1 + -1 + -12 + 16.
2
What is the value of 18 + -21 + (0 - -2)?
-1
Evaluate -1 + 4 + -2 + 0 + -2.
-1
What is (-4 - -3) + 6 - (19 + -13)?
-1
What is the value of (-1 - 2) + 1 + 0?
-2
Calculate (-5 - (0 + -4 + -1)) + -4.
-4
Evaluate 2 + -8 + 2 - (8 + -10).
-2
What is -7 - (-2 - (3 + 2) - 8)?
8
What is the value of -1 + 8 + -12 + -1?
-6
9 - (4 - 5) - 10
0
-3 - (-12 - -14 - (-1 + 3))
-3
3 - 3 - (8 - 4) - -1
-3
What is (0 - -3) + -7 + -14 + 10?
-8
What is the value of (-8 - (-6 + -2 - 6)) + -7?
-1
Evaluate -2 - (3 - (9 - 8)).
-4
What is 1 + (3 - 1) + (3 - 7)?
-1
Calculate (2 - (-1 + 4) - 5) + 7.
1
Evaluate 7 + -3 + -2 - 0.
2
3 + (-4 - (-7 + 12))
-6
-4 + -1 + 4 + -2 + 1
-2
What is -1 + -5 + (2 - 0) - -5?
1
Evaluate -6 - (4 + -5 + 0).
-5
What is the value of -1 + 2 + 4 + (-4 - 4)?
-3
What is (-11 - (5 + -11 - -1)) + 12?
6
What is (-1 - -3) + -8 - (43 - 47)?
-2
11 + (-6 - -2) - -1 - 6
2
(202 - 193) + -12 + 1
-2
Evaluate 1 - (9 + -1 + -7).
0
What is (3 - -2) + 0 - 6?
-1
Calculate 44 - 55 - (-4 + -1).
-6
Calculate -5 - (9 - ((-3 - -4) + 5)).
-8
What is the value of 0 + -2 - (-20 + 21)?
-3
Evaluate 3 + -2 + 1 + (-410 - -409).
1
Evaluate (-3 - 6 - -19) + -4.
6
What is 9 + (-2 - 1) + -5 - -2?
3
What is the value of 2 - 1 - (-1 + -2)?
4
What is the value of -5 + 0 + 4 - (1 + 1)?
-3
Evaluate -1 - ((4 - 1) + -3).
-1
What is the value of -18 + 20 - (1 + 6)?
-5
Calculate (8 - (0 + 4)) + 0.
4
Evaluate (1 - -5) + (3 - (13 - 7)).
3
Calculate (0 - -3) + -16 + 17.
4
What is the value of (-5 - (0 - 0 - 6)) + 5?
6
Evaluate 12 - 9 - (-7 - -2).
8
What is -5 + (-4 - -3) + 5?
-1
Evaluate -8 + 1 + 6 + 1.
0
Calculate -1 + (7 - 2) + -6.
-2
Calculate -6 - (-10 + 9 - 0).
-5
What is the value of (2 - 